 + 4. Let j(h) = 4*h + 3. Let a(m) = -5*j(m) + 4*u(m). Give a(c).
-3
Suppose 0*q - 5*q - 20 = 0. Let w(s) be the third derivative of -s**4/24 - s**3/6 - 3*s**2. Determine w(q).
3
Suppose -2*u = 3*a + 12 + 1, u = 3*a + 7. Let b(l) = l - 1. Calculate b(u).
-3
Let s be 1*(1 + 8/2). Let l = s - 6. Let v be (4/(-10))/(l/(-15)). Let o(d) = -2*d - 5. What is o(v)?
7
Let z(s) = 6*s**2 - 2 + 0 - 3*s - 4 - s**3. Let y be (4 + -1)*10/6. Determine z(y).
4
Let x(p) be the second derivative of p**6/360 - p**5/24 - 5*p**4/24 + p**3/6 - 5*p. Let s(d) be the second derivative of x(d). What is s(5)?
-5
Let n(j) = -4 + j + 5 + 2*j**2 - 2. Let k be 2/9 + (-120)/54. Give n(k).
5
Let l(u) = 3*u - 3*u - u. Let h be (12/15)/(1/(-5)). Give l(h).
4
Let q(g) = g**2 - 2*g. Let t = -10 - -16. Suppose -s + t*s = 10. Determine q(s).
0
Suppose -3*x = -4*v + 22 + 5, 3*x = -2*v - 9. Let l(j) = -2 - 5 + j - 5*j. Give l(x).
13
Suppose 17 = -4*o - 5*s, 0 = -5*o + 3*s - 5*s. Let f(w) = -w. Let n(d) = 2*d**2 - 2. Let j(t) = o*f(t) + n(t). Let q = 32 - 30. Calculate j(q).
2
Let w(i) = -i**3 - 9*i**2 + 10*i + 8. Let h be w(-10). Let j(n) be the first derivative of -4 + 0*n**2 - h*n + 1/3*n**3 - 1/4*n**4. What is j(0)?
-8
Let b(k) = 8*k + 103. Let c be b(-12). Let u(w) = 2*w - 6. Calculate u(c).
8
Let z(n) = 1. Let m(u) = -u - 3. Let p(d) = -m(d) + z(d). What is p(-3)?
1
Let w(f) = -3 + 2*f**3 - f**3 + 2*f**2 + 5. Calculate w(-2).
2
Suppose 0 = -2*y + 3*j + 21, y - 4*y + 2*j + 19 = 0. Let r(h) = 6*h. Calculate r(y).
18
Let l(k) be the second derivative of k**5/20 - k**4/6 - k**2 - k. Suppose -3*v - 13 - 11 = 0. Let t(i) = -i**2 - 9*i - 5. Let h be t(v). Determine l(h).
7
Let r(q) = q + 11. Let n(f) = -f - 12. Let w(m) = -4*n(m) - 5*r(m). Determine w(-7).
0
Let s(c) = c**3 - 2*c**2 - 2*c + 1. Let d be s(3). Let u(l) = l + 5. Give u(d).
9
Let p = -21 - -23. Let z(h) be the second derivative of -1/2*h**3 + 0*h**p + 3*h - 1/20*h**5 + 1/2*h**4 + 0. Determine z(2).
10
Suppose -5*g - 4 = -29. Let p(z) = -15*z**3 + 10*z**2 + 2*z - 12. Let r(k) = 7*k**3 - 5*k**2 - k + 6. Let v(j) = 6*p(j) + 13*r(j). Determine v(g).
1
Suppose w + 25 = -4*i, -34 = 3*w + 4*i + 1. Let j(a) = -1 - a + 4 + 1 - 1. Give j(w).
8
Suppose 0 = -4*t - n + 16, -4*t - 4*n = -6 - 22. Let r be t*-1 - (4 + -11). Let a(h) = -4*h**2 + 5 + 6*h**2 - 6*h - h**2. Calculate a(r).
-3
Let j = 12 - 20. Let m(b) = -b**3 - 7*b**2 + 7*b - 4. Let p be m(j). Let u(z) = z**2 + 3 - p*z + 0 - 1 - 1. Give u(3).
-2
Let q(n) be the third derivative of 3*n**2 + 0*n - 1/6*n**3 + 0 - 1/4*n**4. Let u = -2 + 3. Give q(u).
-7
Let y(z) be the first derivative of -z**4/4 + z + 30. Determine y(1).
0
Let i(q) = -12*q + 11 - 19 + q**2 + 8*q. Suppose -20 - 10 = -5*v. What is i(v)?
4
Let p(q) = 7*q - 1. Suppose 0*z + 4*z = -2*m - 16, 3*m + 8 = -2*z. Suppose m*j = -3*j + s + 6, 5*j = -2*s + 10. Give p(j).
13
Suppose -9 - 11 = 2*z. Let q be (3 - 1)*z/4. Let y(u) = u + 12. Determine y(q).
7
Let i(v) be the second derivative of -v**3/6 - 5*v**2/2 + 2*v. What is i(-4)?
-1
Let r(i) = i**2 + i. Let q(p) = -p - 9. Let z be q(-8). Let f(g) = 5*g**2 + 9*g + 3. Let s(v) = z*f(v) + 6*r(v). Calculate s(5).
7
Let k(n) = n**3 - 3*n - 1. Suppose -3*j + 4*j = -5*a - 6, -4*a = 2*j. Let i = j + -6. What is k(i)?
-3
Let n(k) = k**3 + k**2 + k - 7. Let x(i) = 4*i**2 + 2*i + 5*i**3 - 3*i**3 - 5*i**2 - 3*i**3. Let v be x(-2). What is n(v)?
-7
Let q be 2/14 + (-387)/63. Let u(z) = z**2 + 6*z - 8. Give u(q).
-8
Let o(d) = d - 2. Let m be o(2). Let v(r) be the first derivative of r**2/2 + 3*r + 14. Give v(m).
3
Let l(g) be the third derivative of g**5/60 - g**3/3 - g**2. Let w be 2/(-12) + (-26)/(-12). Determine l(w).
2
Let j = 1 + -6. Let p(x) = 8*x + 10. Let o(h) = -h. Let a(t) = j*o(t) + p(t). Let v(z) = -4*z - 3. Let d(r) = -2*a(r) - 7*v(r). What is d(2)?
5
Suppose 2*f + 3*h + 4 = 0, -2*h + 0 - 3 = f. Let p(b) = 4*b**3 + b**2. Let i be p(f). Let o(y) = y**2 - 7*y + 7. Calculate o(i).
-3
Let p(d) = 6*d**3 - d**2 - d + 1. Let v = 11 + -7. Let t be (-8)/((1 - 3)/(-2)). Let c be 1/v - 6/t. What is p(c)?
5
Let p(u) = -2*u - 4. Suppose 0 = -2*g + 2*w, -2*g - 10 = w + 5. Calculate p(g).
6
Let g(h) = -5*h**2 - h - 1. Suppose -w + 11 = -4*m - 0, -3*w - m + 7 = 0. Suppose -8 = 5*y - w. What is g(y)?
-5
Let o be 106/(-18) + (-4)/36. Let a(s) = -6*s - 4. Let x(t) = -7*t - 3. Let f(j) = -6*a(j) + 5*x(j). Determine f(o).
3
Let u = -3 + 8. Suppose -3*j - 7 = u. Let n(v) = -v**3 - 5*v**2 - 6*v - 4. What is n(j)?
4
Let k(g) = -g**2 + 5*g + 1. Suppose 3*b = 2*o, 2*b - o - 2*o = 0. Suppose -w + 5 = -b. Determine k(w).
1
Let b(d) be the second derivative of -d**4/12 + d**3 - 2*d**2 - 2*d. Let g = -1 - -1. Let k = g - -5. Determine b(k).
1
Let v be 4 - (2/1 - 0). Let a(r) = r - 10 + 2*r - v*r. Give a(6).
-4
Suppose 2*j + 61 = 147. Suppose -5*a = -3*l + j, 2*l - 23 = 5*a + 14. Let x(c) = c - 12. What is x(l)?
-6
Suppose 4*p = -p. Let x(d) = 35*d - 34*d + 4 - 2. Calculate x(p).
2
Let k be 3/1 + (11 - 7). Let r(a) = -2*a**2 + 3*a - 4*a**2 + 2 + k*a**2 + 0*a**2. Determine r(-3).
2
Let i = -4 - -13. Let a(z) = -z + 5. Calculate a(i).
-4
Suppose 5*k + 0*b - 45 = -5*b, 3*k - 22 = -2*b. Let h(l) = -l**3 + 4*l**2 - 4*l + 2. Let s be h(2). Let o(z) = -5*z**s + k*z**2 + 5*z + 2 - z. Give o(5).
-3
Let y = -5 + 6. Let j(t) = 1 + 2*t**3 - 3*t**3 - t**2 + 4*t**3 - t. Determine j(y).
2
Let q(l) = l**2 - l. Let p(n) = 5*n**2 - 6*n - 2. Let y(u) = -p(u) + 3*q(u). Determine y(3).
-7
Let c = 6 + -6. Suppose c*w = 2*w. Let g = w + -2. Let h(m) = -m**3 - 3*m**2 + 2*m + 2. Give h(g).
-6
Suppose -n + 3 = -0. Let z(w) = w**2 + 2*w - 1. Give z(n).
14
Let d(i) be the first derivative of 2 + 1/3*i**3 + 2*i**2 + 6*i. Give d(-4).
6
Let o be (-4)/8*-2 - -2. Let d(n) = 4*n - 2*n + 3 - 6*n + n**2. Give d(o).
0
Let u(q) = q**3 - q**2 + q + 12. Let n(c) = -c**3 - 4*c**2 - 2*c - 8. Let d be n(-4). What is u(d)?
12
Let p(b) be the first derivative of -2 - 1/2*b**2 - 2*b. Determine p(-2).
0
Let i(x) be the first derivative of 2*x**3/3 - 5*x**2 + 7*x + 11. Calculate i(6).
19
Let z(x) = -11*x. Let t(i) = -45*i - 2 + 2. Let m(j) = 6*t(j) - 25*z(j). Suppose 4*l = -4*r + 16, 2*l - 4*l - 7 = -3*r. Determine m(l).
5
Let z be 15/75 - 29/(-5). Let b(j) = -z*j**2 + j + j + 5*j**2. Calculate b(3).
-3
Let j be 4/6*(-18)/(-4). Suppose -2*q = -3*m + 3 + 3, 0 = -4*q + 12. Let b(u) = -4*u**2 + 4*u**3 - 3*u**3 + 0*u**2 - m + 2 + 3*u. Determine b(j).
-2
Let o(w) = 4 + 3*w - 2 + 2. Let r(h) = -h. Let m(s) = -o(s) - 2*r(s). Calculate m(-3).
-1
Let g(v) = -4*v**2 - 2*v + 1. Let c be 1*(-2 + (-2 - -2)). Calculate g(c).
-11
Let t(y) = -15*y**3 - 7*y**2 + 15*y + 10. Let v(l) = -7*l**3 - 3*l**2 + 7*l + 5. Let k(a) = -6*t(a) + 13*v(a). Let n(z) = -2*z + 2. Let f be n(-1). Give k(f).
-7
Suppose z - 4*m + 0*m = 19, 4*m + 25 = 3*z. Suppose 1 = -z*l + 2*l. Let i(y) = -7*y**3 - 2*y**2 - 2*y - 1. Give i(l).
6
Let a(m) = 2*m - 5. Suppose 5*n - k - 30 = 0, 0*k - 3*k - 35 = -4*n. Give a(n).
5
Suppose -b + 10 = 4*b. Let i(k) = 2*k**2 - 9*k + 7. Let g be i(6). Suppose g = 7*j - b*j. Let s(h) = 2*h - 7. What is s(j)?
3
Let n(i) be the third derivative of i**5/60 - 11*i**4/24 + 7*i**3/6 - 6*i**2. What is n(7)?
-21
Let d(v) be the first derivative of -v**4/12 + 5*v**3/6 - 3*v**2/2 - 2*v - 2. Let k(f) be the first derivative of d(f). Suppose r - 5 = -0*r. Give k(r).
-3
Let b be (-4)/3 - 2/3. Let s be 3*-5*b/6. Suppose -5*u = 4*z - 20, -u + 5*z = -s + 1. Let f(d) = -d**3 + 5*d**2 - 5*d + 2. Calculate f(u).
-2
Let b(v) be the second derivative of v**4/6 - 2*v**3/3 + v**2 - 2*v. Let f be b(2). Let k(m) = -f - m + 3*m - m. Determine k(0).
-2
Let y(w) = w**3 + 2*w**2 - 2*w - 2. Let d(k) be the third derivative of 0 + 1/24*k**4 + 4*k**2 + 0*k + 7/6*k**3. Let b be d(-10). What is y(b)?
-5
Let q(t) = -2*t - 1 + t**3 + t**3 + 4*t**2 - 3*t**3. Let g be (-12)/16 + 90/(-8). Let i = -9 - g. Calculate q(i).
2
Let z(k) = -k + 5 + 0 - 4. Let o be z(4). Let u(w) = 5*w**2 + 7*w - 6. Let x(j) = j**2 + j - 2. Let m(q) = u(q) - 4*x(q). What is m(o)?
2
Suppose -3*j + 3 = 12. Let m = -1 - j. Let w(a) = -2*a. Let v be w(m). Let l(o) = o**3 + 5*o**2 + 3*o + 3. What is l(v)?
7
Let m(y) = 4*y + 4. Let v = 6 + 0. Let s = v - 9. What is m(s)?
-8
Suppose j - 5 = -0*j. Let w(p) be the third derivative of p